16
Calculate the greatest common divisor of 841434 and 186846.
1254
Calculate the greatest common divisor of 121581154 and 133513.
7027
Calculate the highest common divisor of 5494059 and 46569.
1083
Calculate the highest common factor of 60843019 and 566.
283
What is the highest common divisor of 110516 and 62188?
28
What is the greatest common divisor of 38513228 and 3876?
1292
Calculate the greatest common divisor of 2196 and 649692.
36
What is the greatest common divisor of 382006 and 5417200?
934
Calculate the highest common factor of 8 and 20926076.
4
Calculate the highest common divisor of 14714 and 40328.
2
Calculate the greatest common factor of 907494 and 11480.
574
Calculate the highest common divisor of 85744 and 1435568.
368
Calculate the greatest common factor of 195 and 5761236.
39
Calculate the highest common divisor of 35689 and 275722.
89
Calculate the greatest common divisor of 221957150 and 90.
10
What is the greatest common divisor of 3095 and 17775823?
619
What is the highest common factor of 118013101 and 218?
109
What is the highest common factor of 54305 and 95?
5
What is the highest common factor of 2542 and 663134?
82
Calculate the highest common factor of 1103 and 28171723.
1103
What is the greatest common divisor of 771 and 928268580?
771
Calculate the highest common factor of 52 and 275129972.
52
Calculate the highest common divisor of 6225215 and 10.
5
Calculate the highest common divisor of 227 and 159108613.
227
Calculate the highest common factor of 114624 and 428248.
1592
What is the highest common factor of 99 and 1494482?
11
What is the greatest common divisor of 112 and 91539?
7
What is the greatest common factor of 17596 and 836552?
212
What is the greatest common factor of 62867373 and 5?
1
What is the greatest common factor of 146065 and 23318?
131
What is the highest common factor of 136525 and 1655445?
635
Calculate the highest common divisor of 937 and 46671970.
937
Calculate the highest common factor of 9 and 33608502.
9
What is the greatest common factor of 443 and 866065?
443
What is the greatest common divisor of 4504600 and 5?
5
What is the highest common divisor of 69128 and 14056?
8
Calculate the greatest common factor of 1356 and 27012.
12
What is the greatest common factor of 15654751 and 1943?
1943
Calculate the highest common factor of 2678525 and 32300.
475
Calculate the highest common divisor of 1636474 and 322163.
2851
Calculate the highest common factor of 13499360 and 15680.
1120
What is the greatest common factor of 69747 and 673527?
1041
Calculate the highest common factor of 176 and 848243308.
44
Calculate the greatest common factor of 61681 and 25.
1
What is the greatest common divisor of 64558462 and 7902?
878
What is the highest common divisor of 43896 and 4212776?
248
Calculate the highest common factor of 110 and 3536489.
11
What is the greatest common factor of 5508 and 12689871?
51
Calculate the greatest common factor of 240 and 4547310.
30
What is the highest common divisor of 28054678 and 76?
38
Calculate the greatest common factor of 590100516 and 1908.
1908
What is the greatest common factor of 33331462 and 46?
46
Calculate the highest common factor of 1946 and 6133236.
278
What is the highest common divisor of 11517758 and 14?
14
Calculate the greatest common factor of 317981830 and 5.
5
What is the greatest common divisor of 87007124 and 632?
316
Calculate the greatest common divisor of 59421 and 1479.
87
What is the greatest common divisor of 171390 and 12570?
30
What is the highest common divisor of 213750 and 18468?
342
Calculate the greatest common divisor of 62529 and 665879.
1097
Calculate the highest common factor of 14259 and 113611638.
2037
What is the highest common factor of 26895 and 41401185?
2445
What is the highest common factor of 110336 and 1596424?
3448
What is the greatest common divisor of 21 and 1810446?
3
What is the highest common factor of 186253601 and 3303?
367
Calculate the highest common divisor of 352 and 8322016.
32
Calculate the greatest common factor of 47034 and 71227026.
702
Calculate the highest common divisor of 128920 and 488.
8
Calculate the greatest common divisor of 4380792 and 264.
24
What is the highest common divisor of 31246 and 14909?
17
Calculate the highest common factor of 628572659 and 143.
143
What is the greatest common divisor of 13080642 and 54?
6
Calculate the greatest common factor of 1689427 and 301.
43
What is the greatest common factor of 7028 and 196964971?
1757
What is the greatest common factor of 108111788 and 1636?
1636
What is the highest common factor of 14578 and 1186294?
74
Calculate the highest common divisor of 23968260 and 540.
180
Calculate the greatest common divisor of 57546 and 422457974.
6394
What is the greatest common divisor of 95064739 and 242?
121
Calculate the greatest common factor of 14835033 and 4794.
2397
What is the highest common divisor of 9623932 and 64?
4
What is the greatest common divisor of 273 and 237719391?
273
What is the highest common factor of 22932 and 102269664?
1764
What is the highest common factor of 2304019 and 1?
1
Calculate the greatest common factor of 37687293 and 84.
21
What is the highest common factor of 29860300 and 10250?
2050
What is the highest common divisor of 2906351 and 18025?
721
What is the greatest common factor of 4315622 and 38?
38
What is the greatest common divisor of 142510 and 11590?
10
Calculate the greatest common divisor of 4283775 and 3600.
225
Calculate the highest common factor of 339600 and 223620.
60
What is the greatest common divisor of 2494387 and 35?
7
Calculate the greatest common factor of 5888 and 11016.
8
Calculate the highest common factor of 39 and 504057138.
39
Calculate the greatest common divisor of 605 and 2504095.
605
What is the highest common divisor of 568 and 59896?
8
Calculate the greatest common divisor of 39897 and 42493.
11
What is the highest common divisor of 9041355 and 3105?
135
What is the greatest common factor of 30 and 3069528?
6
Calculate the highest common divisor of 252 and 5555568.
12
Calculate the highest common divisor of 13647564 and 12462.
186
Calculate the highest common factor of 39771 and 22032.
81
Calculate the highest common factor of 20164 and 47996.
284
What is the highest common divisor of 3466 and 19303887?
1733
Calculate the highest common factor of 20908516 and 3632.
908
Calculate the highest common factor of 28156575 and 10925.
475
Calculate the greatest common factor of 136 and 4473074.
34
Calculate the greatest common divisor of 6800 and 191375.
25
What is the highest common divisor of 812 and 7462744?
116
What is the highest common factor of 1375 and 30856375?
1375
Calculate the highest common divisor of 105041 and 2392.
23
Calculate the highest common factor of 7154944 and 19968.
256
What is the greatest common factor of 88277690 and 25?
5
Calculate the highest common divisor of 547670 and 2410.
10
What is the highest common factor of 771 and 848071473?
771
What is the highest common factor of 3381437290 and 385?
385
What is the greatest common divisor of 655584 and 288?
96
Calculate the highest common divisor of 3554166 and 426569.
1727
What is the greatest common factor of 81709712 and 448?
112
Calculate the highest common factor of 24917049 and 18.
9
Calculate the highest common divisor of 2053872 and 78336.
2448
What is the highest common divisor of 3810996 and 852?
852
Calculate the greatest common factor of 4377 and 4119.
3
Calculate the greatest common factor of 117900746 and 34.
34
Calculate the greatest common factor of 201260 and 1247.
29
What is the greatest common divisor of 308602 and 762293?
2303
Calculate the highest common divisor of 4038108 and 157263.
5073
What is the highest common divisor of 4445280 and 4480?
1120
Calculate the highest common factor of 1115486 and 2.
2
Calculate the greatest common divisor of 96780425 and 875.
175
What is the greatest common divisor of 334342980 and 144?
36
What is the greatest common factor of 50646 and 70464?
2202
What is the highest common factor of 1 and 2773999?
1
What is the highest common divisor of 6740 and 254101370?
3370
Calculate the greatest common divisor of 4984089 and 9078.
267
What is the greatest common fa